 What is the units digit of y?
8
Let l(k) = -129*k - 53. Let f be 4/(-36) - (-34)/(-18). What is the tens digit of l(f)?
0
Let j(x) = -x**3 - 23*x**2 - 296*x - 4. What is the thousands digit of j(-12)?
1
Let u(o) = 33*o**2 + 265*o + 4355. What is the tens digit of u(-16)?
6
Suppose 534754 + 877173 = 127*l + 262196. What is the tens digit of l?
5
Suppose 2*f - 13*a - 1048 = -11*a, 3*f - 1584 = -3*a. Let r = f + -222. What is the units digit of r?
4
Let w = -38 + 39. Suppose w = v - 5*p, -5*v - p + 61 = 2*p. Suppose 0 = 7*z + v*z - 1674. What is the tens digit of z?
9
Let l be 7 - (32/4)/(-2). Suppose -l = -3*t + 1. Suppose -3*x + 10 = -x, t*m - 4*x = 228. What is the units digit of m?
2
What is the units digit of ((-11)/5)/((-464192)/(-92840) - 5)?
1
Let t(j) = 5*j**2 - 37. Let l be t(5). Let r = l - -124. What is the hundreds digit of r?
2
Suppose 0*y = 3*y - 813. Suppose -4*j - 384 = -4*f, -y - 105 = -4*f + 2*j. What is the units digit of f?
2
Let w be (-8)/(-12)*-566*-27. Suppose -28*q + 16*q + w = 0. What is the tens digit of q?
4
Suppose -5*m + 4*l = -44, -4*m + l = -5*m + 16. Suppose -18*c = -m*c - 30. What is the tens digit of (-3)/c + -1059*(-1)/15?
7
Let v = -16 - -21. Suppose -4*o + 13 = -v*g + 1, 0 = -g + o - 3. Suppose g*x - 326 = -3*k - 2*x, 0 = -k + 4*x + 104. What is the hundreds digit of k?
1
Suppose 27*w = 136*w + 17*w - 4995144. What is the units digit of w?
4
Suppose -3*t = -8*t. Suppose p + y - 255 = t, -2*p + 404 + 102 = 3*y. What is the units digit of p?
9
Let x = 420 + -432. Let o(n) = n**3 + 11*n**2 - 20*n - 45. What is the units digit of o(x)?
1
Suppose k - 17022 = -5*u, -54474 = -2*k - 5*u - 20445. What is the tens digit of k?
0
What is the tens digit of ((-65)/5 + 15)*(1 - -30681)?
6
Let b be 36/21 + (3 - 57/21). Let u be (-3 - b/(-2))/(4/6). What is the tens digit of (53 - (u + 3)) + -1?
5
Let n = -231 - -235. Let m = 4 + -1. Suppose -5*x + 0*x = -n*c + 72, 0 = 3*c + m*x - 54. What is the tens digit of c?
1
Let d = -7894 - -11969. What is the thousands digit of d?
4
Let s(p) = -9*p - 15. Let v be s(11). Let g = 69 - v. What is the tens digit of g?
8
Suppose 34*w - 623680 = 610622. What is the tens digit of w?
0
Let t(w) = 6*w**2 + 16*w + 11. Suppose 0 = -9*c - 8 + 53. What is the tens digit of t(c)?
4
Let q = -229 + 235. Suppose -q*d + 3*d - 4*f = -4561, -d + 1518 = -f. What is the thousands digit of d?
1
Let k be 104/12 + (-4)/(-12). Suppose -3 = 2*j - k. Suppose 0 = 3*p + x - 95, 3*x = -j*p - p + 120. What is the units digit of p?
3
Let m = 45241 + -21708. What is the ten thousands digit of m?
2
Suppose 0 = 192*i - 2967860 - 7756. What is the hundreds digit of i?
4
Let y(i) = i**2 - 23*i - 27. Let m be 33*5*4/30. Let t be y(m). Let h = -13 - t. What is the tens digit of h?
3
Let x be (-7)/(98/4137)*2. Let k = 617 + x. What is the tens digit of k?
2
Suppose 649 = c - 4*z + 3, 2*c - 4*z = 1300. What is the units digit of c?
4
Let n = 50 - 46. Suppose -n*v - 2*q + 611 + 607 = 0, -5*q = 2*v - 605. Suppose 5*z + 2*u + 128 = 655, -4*u = 3*z - v. What is the units digit of z?
7
What is the thousands digit of (-117)/(-6) + -22 + 17958/4?
4
Let g(b) = -b**3 - 20*b**2 - 9*b - 15. Let k be g(-17). Let h = k - -1040. What is the hundreds digit of h?
3
Let h(y) = 37*y**2 - 366*y + 55. What is the ten thousands digit of h(-26)?
3
Let d(h) = 67*h - 486. What is the tens digit of d(59)?
6
Let r = 637 - 935. Let g = 506 + r. What is the tens digit of g?
0
Let u = -18 + 38. Suppose 29*v - u = 24*v. Suppose -i = -k - 124, -5*i + 621 = -0*k - v*k. What is the hundreds digit of i?
1
Suppose -34299 = -268*q + 38597. What is the hundreds digit of q?
2
Suppose -2*l + 274 = -2*v, -2*v + 415 = -5*v + l. Let o = 3 - v. What is the units digit of o?
2
What is the tens digit of (311 + -391)*918/(-4)?
6
Suppose 37181 = -126*w + 486722 + 454131. What is the thousands digit of w?
7
Let c(h) = -h**3 - 5*h**2 - 7*h + 5. Let j be c(-4). Let d = j - 15. Let p = d - -2. What is the units digit of p?
4
Let p(s) = s**2 - 14*s - 30. Let q be p(9). Let k = q - -80. Suppose 0*a + 235 = k*a. What is the units digit of a?
7
Let a(f) be the third derivative of 7*f**4/12 - 17*f**3/3 - 55*f**2. What is the tens digit of a(5)?
3
Let k(w) = 50*w - 31. Let m be k(5). Suppose 0*z + 4*x = -z - 71, -3*x = 2*z + 137. Let n = m + z. What is the hundreds digit of n?
1
Let i = 40 - 56. What is the units digit of 1/(20/15) + (-10196)/i?
8
Suppose 5*w - 172758 = -4*i, 40*i + 34560 = w + 38*i. What is the tens digit of w?
5
Let k = -109 - 7. Let i(f) = 10*f**2 - f - 7. Let x be i(-5). Let w = x + k. What is the hundreds digit of w?
1
Let x = 3004 + -1461. Let k = -360 + x. What is the hundreds digit of k?
1
Let c = -23851 + 40729. What is the hundreds digit of c?
8
Let o = 141 + -141. Suppose o = 6*s - 230 - 430. What is the hundreds digit of s?
1
Suppose -5*n + 10*n = 15. Suppose 0 = -n*h + 59 + 211. Let q = h - 61. What is the units digit of q?
9
Suppose -3*g - 5*z = -71199, 32509 = g + 5*z + 8766. What is the tens digit of g?
2
Suppose -4*z = -l + 15, 9 + 2 = 3*l + 5*z. Suppose 0 = -4*w - 20, -2*t + 1145 = l*w - 2*w. Suppose 14*d - 11*d = t. What is the units digit of d?
5
Suppose k = -4*a - 20, 0*k - 2*a - 10 = -4*k. Suppose k = 22*z - 39*z + 1530. What is the units digit of z?
0
What is the units digit of (1250/(-100))/(2/(-3852))?
5
Let k(z) = 1840*z**2 + 57*z + 159. What is the thousands digit of k(-3)?
6
Suppose -w - 24874 = -6*w + 49536. What is the thousands digit of w?
4
Let x be (-1402 + -3)*1*(-4)/10. Suppose u = 2*b - 3*b - 184, -3*b + 2*u - x = 0. Let v = b - -287. What is the hundreds digit of v?
1
Let l be 2 + (-3)/((-12)/808). Let w = -26 + 38. Suppose 0 = -m + 2*y + l, -7*m - 1044 = -w*m + 4*y. What is the units digit of m?
2
Let u(t) = 12*t - 90. Let i(g) = 11*g - 89. Let s(j) = -5*i(j) + 6*u(j). What is the tens digit of s(10)?
7
Suppose -1187*m + 1182*m - 2*g = -145975, m + g - 29195 = 0. What is the tens digit of m?
9
Let c be ((-3)/(-9))/((-1)/(-24)). Let a = c - -18. Suppose 5*h = m + 33, 0*m - m = -4*h + a. What is the units digit of h?
7
Let d(j) be the third derivative of -617*j**4/12 + 25*j**3/6 + 2*j**2 - 51*j. What is the units digit of d(-1)?
9
What is the tens digit of ((-7568594)/3509)/((-2)/44)?
5
Let w(r) = 2098*r**3 - 3*r**2 + 45*r - 42. What is the hundreds digit of w(1)?
0
Let o = -763 + 661. Suppose 3*z - 10 = 2*c, 1 = -3*c + 4*z - 14. What is the tens digit of (c - -4)*2 + (1 - o)?
0
Let c(g) = -1120*g + 18967. What is the thousands digit of c(0)?
8
Let t(c) = -16*c - 44. Let l be t(-13). Suppose h + 36 = 2. Let a = h + l. What is the units digit of a?
0
Let c(u) = 5*u + 30. Let n be c(-6). Suppose n = -v - 2*l + 3*l + 600, 0 = -2*l. What is the tens digit of v?
0
Suppose -5*q + 5*l + 381 = 51, -138 = -2*q + 4*l. Let k = q - -26. What is the units digit of k?
9
Let t(d) = -7*d**3 - 30*d**2 - 326*d + 2. What is the ten thousands digit of t(-14)?
1
Suppose 3*f = -3, -3*f = -3*z + 50 + 22. Suppose 2*g - 2*y = 4, -5*g + 3*y = -z + 3. Let k(m) = -m**2 + 13*m + 1. What is the tens digit of k(g)?
4
Let a(c) be the second derivative of -c**4/12 - 7*c**3/3 - 6*c**2 + 28*c. Let y be a(-12). Suppose y*z = 20*z - 1344. What is the units digit of z?
8
Let z = 19975 + 2635. What is the hundreds digit of z?
6
Suppose -3*l = 3 - 6. What is the units digit of 16*-1*(-2 + l)*7?
2
Let l = 47 - 86. Let y be ((-65)/l)/(1/3). Suppose -r - 2*o = 3*o - 76, y*r - 4*o - 380 = 0. What is the units digit of r?
6
Suppose -4*l - 115 = v, -5*v + 7*l = 8*l + 613. Let j = v - -754. What is the hundreds digit of j?
6
Let n = -2616 - -1656. Let j = n + 2035. What is the thousands digit of j?
1
Let f(l) be the first derivative of 2*l**3/3 + 21*l**2/2 - 78*l - 51. What is the units digit of f(6)?
0
What is the tens digit of 777/2*(-18156)/(-306)?
5
Suppose 5*c - 3*s = 970, 6*c - 5*s - 970 = c. Suppose 182 = -4*u + c. Suppose -v - 10 = v, -4*b + u*v + 351 = 0. What is the tens digit of b?
8
Let d(i) = -i**2 + 13*i - 5. Let w be d(13). Let n be (w/(-15))/(3/(-15))*-54. Suppose -23*h + 20*h + n = 0. What is the units digit of h?
0
Let q be -6 + (-177)/118*14/(-1). Let n(j) = 15*j + 5. Let r be n(4). Let c = r + q. What is the tens digit of c?
8
Suppose 5330*u - 38052 